{"id":3205,"date":"2026-01-25T23:27:18","date_gmt":"2026-01-25T23:27:18","guid":{"rendered":"https:\/\/novruz.tv\/dmca\/"},"modified":"2026-01-25T23:27:18","modified_gmt":"2026-01-25T23:27:18","slug":"dmca","status":"publish","type":"page","link":"https:\/\/novruz.tv\/?page_id=3205","title":{"rendered":"DMCA"},"content":{"rendered":"<p>M\u00fc\u0259llif h\u00fcquqlar\u0131 il\u0259 ba\u011fl\u0131 m\u00fcraci\u0259tl\u0259r \u00fc\u00e7\u00fcn biziml\u0259 \u0259laq\u0259 saxlay\u0131n.<\/p>\n","protected":false},"excerpt":{"rendered":"<p>M\u00fc\u0259llif h\u00fcquqlar\u0131 il\u0259 ba\u011fl\u0131 m\u00fcraci\u0259tl\u0259r \u00fc\u00e7\u00fcn biziml\u0259 \u0259laq\u0259 saxlay\u0131n.<\/p>\n","protected":false},"author":0,"featured_media":0,"parent":0,"menu_order":0,"comment_status":"closed","ping_status":"closed","template":"","meta":{"footnotes":""},"class_list":["post-3205","page","type-page","status-publish","hentry"],"_links":{"self":[{"href":"https:\/\/novruz.tv\/index.php?rest_route=\/wp\/v2\/pages\/3205","targetHints":{"allow":["GET"]}}],"collection":[{"href":"https:\/\/novruz.tv\/index.php?rest_route=\/wp\/v2\/pages"}],"about":[{"href":"https:\/\/novruz.tv\/index.php?rest_route=\/wp\/v2\/types\/page"}],"replies":[{"embeddable":true,"href":"https:\/\/novruz.tv\/index.php?rest_route=%2Fwp%2Fv2%2Fcomments&post=3205"}],"version-history":[{"count":0,"href":"https:\/\/novruz.tv\/index.php?rest_route=\/wp\/v2\/pages\/3205\/revisions"}],"wp:attachment":[{"href":"https:\/\/novruz.tv\/index.php?rest_route=%2Fwp%2Fv2%2Fmedia&parent=3205"}],"curies":[{"name":"wp","href":"https:\/\/api.w.org\/{rel}","templated":true}]}}